{"id":11,"date":"2025-04-24T19:18:10","date_gmt":"2025-04-24T19:18:10","guid":{"rendered":"https:\/\/veganinternational.org\/spanish\/?page_id=11"},"modified":"2025-07-14T18:12:58","modified_gmt":"2025-07-14T18:12:58","slug":"inicio","status":"publish","type":"page","link":"https:\/\/veganinternational.org\/spanish\/","title":{"rendered":"Inicio"},"content":{"rendered":"\t\t<div data-elementor-type=\"wp-page\" data-elementor-id=\"11\" class=\"elementor elementor-11\" data-elementor-post-type=\"page\">\n\t\t\t\t<div class=\"elementor-element elementor-element-663800e e-flex e-con-boxed e-con e-parent\" data-id=\"663800e\" data-element_type=\"container\" data-e-type=\"container\" data-settings=\"{&quot;background_background&quot;:&quot;classic&quot;}\">\n\t\t\t\t\t<div class=\"e-con-inner\">\n\t\t\t\t\t<\/div>\n\t\t\t\t<\/div>\n\t\t<div class=\"elementor-element elementor-element-db172ce e-flex e-con-boxed e-con e-parent\" data-id=\"db172ce\" data-element_type=\"container\" data-e-type=\"container\">\n\t\t\t\t\t<div class=\"e-con-inner\">\n\t\t<div class=\"elementor-element elementor-element-80df1af e-con-full e-flex e-con e-child\" data-id=\"80df1af\" data-element_type=\"container\" data-e-type=\"container\">\n\t\t\t\t<div class=\"elementor-element elementor-element-f13d9d6 elementor-widget elementor-widget-image\" data-id=\"f13d9d6\" data-element_type=\"widget\" data-e-type=\"widget\" data-widget_type=\"image.default\">\n\t\t\t\t<div class=\"elementor-widget-container\">\n\t\t\t\t\t\t\t\t\t\t\t\t\t\t\t<img fetchpriority=\"high\" decoding=\"async\" width=\"700\" height=\"399\" src=\"https:\/\/veganinternational.org\/spanish\/wp-content\/uploads\/2025\/07\/Spanish-Image-1.jpg\" class=\"attachment-full size-full wp-image-1100\" alt=\"\" srcset=\"https:\/\/veganinternational.org\/spanish\/wp-content\/uploads\/2025\/07\/Spanish-Image-1.jpg 700w, https:\/\/veganinternational.org\/spanish\/wp-content\/uploads\/2025\/07\/Spanish-Image-1-300x171.jpg 300w\" sizes=\"(max-width: 700px) 100vw, 700px\" \/>\t\t\t\t\t\t\t\t\t\t\t\t\t\t\t<\/div>\n\t\t\t\t<\/div>\n\t\t\t\t<\/div>\n\t\t<div class=\"elementor-element elementor-element-26f8d74 e-con-full e-flex e-con e-child\" data-id=\"26f8d74\" data-element_type=\"container\" data-e-type=\"container\">\n\t\t\t\t<div class=\"elementor-element elementor-element-252dfb1 elementor-widget elementor-widget-heading\" data-id=\"252dfb1\" data-element_type=\"widget\" data-e-type=\"widget\" data-widget_type=\"heading.default\">\n\t\t\t\t<div class=\"elementor-widget-container\">\n\t\t\t\t\t<h2 class=\"elementor-heading-title elementor-size-default\">\u00a1Bienvenidos a Vegan International!<\/h2>\t\t\t\t<\/div>\n\t\t\t\t<\/div>\n\t\t\t\t<div class=\"elementor-element elementor-element-ff6ee94 elementor-widget elementor-widget-text-editor\" data-id=\"ff6ee94\" data-element_type=\"widget\" data-e-type=\"widget\" data-widget_type=\"text-editor.default\">\n\t\t\t\t<div class=\"elementor-widget-container\">\n\t\t\t\t\t\t\t\t\t<p>Raoul Wallenberg Vegan International (Vegan International) es una organizaci\u00f3n ben\u00e9fica sin fines de lucro 50cl3 y solicitante de una ONG de las Naciones Unidas.<\/p><p>El prop\u00f3sito de Vegan International es educar a personas, grupos de la sociedad civil y gobiernos sobre los beneficios de los ideales veganos de origen vegetal y los perjuicios de una dieta basada en carne y l\u00e1cteos para la salud humana, el bienestar de otras especies y la supervivencia del planeta.<\/p><p>Los beneficios de los ideales veganos incluyen una salud humana \u00f3ptima, el uso sostenible de los recursos, una agricultura progresista, la reducci\u00f3n de la pobreza, la reducci\u00f3n de la huella de carbono, la compasi\u00f3n, la paz y la justicia para el planeta y todos sus habitantes.<\/p><p>Los perjuicios de la explotaci\u00f3n no humana incluyen graves consecuencias para la salud humana, como las enfermedades no transmisibles, las pandemias y la resistencia antimicrobiana; la degradaci\u00f3n ambiental, que incluye la contaminaci\u00f3n de la tierra, el agua y el aire; el calentamiento global; la p\u00e9rdida de biodiversidad, la extinci\u00f3n de especies, la deforestaci\u00f3n; el uso insostenible de escasos recursos; y una cultura de injusticia para todos los seres sintientes sensibles.<\/p>\t\t\t\t\t\t\t\t<\/div>\n\t\t\t\t<\/div>\n\t\t\t\t<\/div>\n\t\t\t\t\t<\/div>\n\t\t\t\t<\/div>\n\t\t<div class=\"elementor-element elementor-element-19ceb5e e-flex e-con-boxed e-con e-parent\" data-id=\"19ceb5e\" data-element_type=\"container\" data-e-type=\"container\">\n\t\t\t\t\t<div class=\"e-con-inner\">\n\t\t\t\t<div class=\"elementor-element elementor-element-3785780 elementor-widget elementor-widget-text-editor\" data-id=\"3785780\" data-element_type=\"widget\" data-e-type=\"widget\" data-widget_type=\"text-editor.default\">\n\t\t\t\t<div class=\"elementor-widget-container\">\n\t\t\t\t\t\t\t\t\t<p>Raoul Wallenberg Vegan International (Vegan International) es una organizaci\u00f3n ben\u00e9fica sin fines de lucro 50cl3 y solicitante de una ONG de las Naciones Unidas.<\/p><p>El prop\u00f3sito de Vegan International es educar a personas, grupos de la sociedad civil y gobiernos sobre los beneficios de los ideales veganos de origen vegetal y los perjuicios de una dieta basada en carne y l\u00e1cteos para la salud humana, el bienestar de otras especies y la supervivencia del planeta.<\/p><p>Los beneficios de los ideales veganos incluyen una salud humana \u00f3ptima, el uso sostenible de los recursos, una agricultura progresista, la reducci\u00f3n de la pobreza, la reducci\u00f3n de la huella de carbono, la compasi\u00f3n, la paz y la justicia para el planeta y todos sus habitantes.<\/p><p>Los perjuicios de la explotaci\u00f3n no humana incluyen graves consecuencias para la salud humana, como las enfermedades no transmisibles, las pandemias y la resistencia antimicrobiana; la degradaci\u00f3n ambiental, que incluye la contaminaci\u00f3n de la tierra, el agua y el aire; el calentamiento global; la p\u00e9rdida de biodiversidad, la extinci\u00f3n de especies, la deforestaci\u00f3n; el uso insostenible de escasos recursos; y una cultura de injusticia para todos los seres sintientes sensibles.<\/p>\t\t\t\t\t\t\t\t<\/div>\n\t\t\t\t<\/div>\n\t\t\t\t\t<\/div>\n\t\t\t\t<\/div>\n\t\t<div class=\"elementor-element elementor-element-2f08bd4 e-flex e-con-boxed e-con e-parent\" data-id=\"2f08bd4\" data-element_type=\"container\" data-e-type=\"container\">\n\t\t\t\t\t<div class=\"e-con-inner\">\n\t\t<div class=\"elementor-element elementor-element-e88877b e-con-full e-flex e-con e-child\" data-id=\"e88877b\" data-element_type=\"container\" data-e-type=\"container\" data-settings=\"{&quot;background_background&quot;:&quot;classic&quot;}\">\n\t\t\t\t<div class=\"elementor-element elementor-element-74c7816 elementor-widget elementor-widget-spacer\" data-id=\"74c7816\" data-element_type=\"widget\" data-e-type=\"widget\" data-widget_type=\"spacer.default\">\n\t\t\t\t<div class=\"elementor-widget-container\">\n\t\t\t\t\t\t\t<div class=\"elementor-spacer\">\n\t\t\t<div class=\"elementor-spacer-inner\"><\/div>\n\t\t<\/div>\n\t\t\t\t\t\t<\/div>\n\t\t\t\t<\/div>\n\t\t\t\t<\/div>\n\t\t<div class=\"elementor-element elementor-element-464803b e-con-full e-flex e-con e-child\" data-id=\"464803b\" data-element_type=\"container\" data-e-type=\"container\">\n\t\t\t\t<div class=\"elementor-element elementor-element-905f4e3 elementor-widget elementor-widget-text-editor\" data-id=\"905f4e3\" data-element_type=\"widget\" data-e-type=\"widget\" data-widget_type=\"text-editor.default\">\n\t\t\t\t<div class=\"elementor-widget-container\">\n\t\t\t\t\t\t\t\t\t<p>El veganismo no es una forma de privaci\u00f3n. Es un estilo de vida que abraza la vida, y la vive al m\u00e1ximo. El veganismo promete una poblaci\u00f3n m\u00e1s sana, sostenibilidad, bondad, compasi\u00f3n y justicia para todos los individuos de todas las especies, la naturaleza y el planeta Tierra.<\/p><p><em>Sin dejar a nadie<\/em> <em>atr\u00e1s<\/em>. Todos merecen justicia y un lugar en la mesa de las Naciones Unidas, independientemente de la especie. El lema de la ONU, \u00ab<em> Sin dejar a nadie<\/em> atr\u00e1s\u00bb, deber\u00eda aplicarse a todos los habitantes del planeta Tierra, no solo a una especie: la humana.<\/p><p>\u201cLos animales no humanos son seres sensibles, no puras <span style=\"text-decoration: line-through;\">meras <\/span>propiedades, y deben ser respetados y reconocidos legalmente\u201d, seg\u00fan el\u00a0 Secretario General de la ONU, Ant\u00f3nio Guterres.<\/p><p>Los objetivos de Vegan International se logran a trav\u00e9s del sitio web, los boletines trimestrales, la participaci\u00f3n en conferencias de la ONU, la colaboraci\u00f3n con otras ONG y agencias de la ONU, las reuniones con representantes gubernamentales y la educaci\u00f3n p\u00fablica.<\/p>\t\t\t\t\t\t\t\t<\/div>\n\t\t\t\t<\/div>\n\t\t\t\t<\/div>\n\t\t\t\t\t<\/div>\n\t\t\t\t<\/div>\n\t\t\t\t<\/div>\n\t\t","protected":false},"excerpt":{"rendered":"<p>\u00a1Bienvenidos a Vegan International! Raoul Wallenberg Vegan International (Vegan International) es una organizaci\u00f3n ben\u00e9fica sin fines de lucro 50cl3 y solicitante de una ONG de las Naciones Unidas. El prop\u00f3sito de Vegan International es educar a personas, grupos de la sociedad civil y gobiernos sobre los beneficios de los ideales veganos de origen vegetal y [&hellip;]<\/p>\n","protected":false},"author":1,"featured_media":0,"parent":0,"menu_order":0,"comment_status":"closed","ping_status":"closed","template":"elementor_header_footer","meta":{"footnotes":""},"class_list":["post-11","page","type-page","status-publish","hentry"],"_links":{"self":[{"href":"https:\/\/veganinternational.org\/spanish\/wp-json\/wp\/v2\/pages\/11","targetHints":{"allow":["GET"]}}],"collection":[{"href":"https:\/\/veganinternational.org\/spanish\/wp-json\/wp\/v2\/pages"}],"about":[{"href":"https:\/\/veganinternational.org\/spanish\/wp-json\/wp\/v2\/types\/page"}],"author":[{"embeddable":true,"href":"https:\/\/veganinternational.org\/spanish\/wp-json\/wp\/v2\/users\/1"}],"replies":[{"embeddable":true,"href":"https:\/\/veganinternational.org\/spanish\/wp-json\/wp\/v2\/comments?post=11"}],"version-history":[{"count":146,"href":"https:\/\/veganinternational.org\/spanish\/wp-json\/wp\/v2\/pages\/11\/revisions"}],"predecessor-version":[{"id":1104,"href":"https:\/\/veganinternational.org\/spanish\/wp-json\/wp\/v2\/pages\/11\/revisions\/1104"}],"wp:attachment":[{"href":"https:\/\/veganinternational.org\/spanish\/wp-json\/wp\/v2\/media?parent=11"}],"curies":[{"name":"wp","href":"https:\/\/api.w.org\/{rel}","templated":true}]}}