{"id":20,"date":"2025-04-24T19:19:26","date_gmt":"2025-04-24T19:19:26","guid":{"rendered":"https:\/\/veganinternational.org\/spanish\/?page_id=20"},"modified":"2025-07-09T19:03:19","modified_gmt":"2025-07-09T19:03:19","slug":"enferemdades-de-zoonosis","status":"publish","type":"page","link":"https:\/\/veganinternational.org\/spanish\/enferemdades-de-zoonosis\/","title":{"rendered":"Enferemdades de  Zoonosis"},"content":{"rendered":"\t\t<div data-elementor-type=\"wp-page\" data-elementor-id=\"20\" class=\"elementor elementor-20\" data-elementor-post-type=\"page\">\n\t\t\t\t<div class=\"elementor-element elementor-element-899b2c8 e-flex e-con-boxed e-con e-parent\" data-id=\"899b2c8\" data-element_type=\"container\" data-e-type=\"container\" data-settings=\"{&quot;background_background&quot;:&quot;classic&quot;}\">\n\t\t\t\t\t<div class=\"e-con-inner\">\n\t\t\t\t\t<\/div>\n\t\t\t\t<\/div>\n\t\t<div class=\"elementor-element elementor-element-3bfdee6 e-flex e-con-boxed e-con e-parent\" data-id=\"3bfdee6\" data-element_type=\"container\" data-e-type=\"container\">\n\t\t\t\t\t<div class=\"e-con-inner\">\n\t\t<div class=\"elementor-element elementor-element-6778389 e-con-full e-flex e-con e-child\" data-id=\"6778389\" data-element_type=\"container\" data-e-type=\"container\">\n\t\t\t\t<div class=\"elementor-element elementor-element-f7f74f3 elementor-widget elementor-widget-heading\" data-id=\"f7f74f3\" data-element_type=\"widget\" data-e-type=\"widget\" data-widget_type=\"heading.default\">\n\t\t\t\t<div class=\"elementor-widget-container\">\n\t\t\t\t\t<h2 class=\"elementor-heading-title elementor-size-default\">Enfermedades Zoon\u00f3ticas<\/h2>\t\t\t\t<\/div>\n\t\t\t\t<\/div>\n\t\t\t\t<div class=\"elementor-element elementor-element-22b6a36 elementor-widget elementor-widget-text-editor\" data-id=\"22b6a36\" data-element_type=\"widget\" data-e-type=\"widget\" data-widget_type=\"text-editor.default\">\n\t\t\t\t<div class=\"elementor-widget-container\">\n\t\t\t\t\t\t\t\t\t<p>Las enfermedades zoon\u00f3ticas, causa de epidemias y pandemias, se transmiten a los humanos a trav\u00e9s de animales injustamente encarcelados y explotados. Las pandemias m\u00e1s mort\u00edferas de la historia son zoon\u00f3ticas. El especismo es la causa subyacente de las enfermedades zoon\u00f3ticas. Consiste en el abuso y la explotaci\u00f3n de otras especies para beneficio de la especie humana e incluye la destrucci\u00f3n del h\u00e1bitat, la extinci\u00f3n de especies, el consumo, el encarcelamiento y la explotaci\u00f3n de animales.<\/p><p>Las enfermedades zoon\u00f3ticas, como la COVID-19, el VIH, el \u00e9bola, el SARS, el MERS y otras, se han vinculado a la propagaci\u00f3n de animales explotados a humanos, y su posterior transmisi\u00f3n entre ellos. Las enfermedades emergentes y las pandemias son casi invariablemente zoon\u00f3ticas. Se estima que el 60 % de todos los virus que infectan a los humanos provienen de animales, y el 75 % de todas las nuevas enfermedades infecciosas de la \u00faltima d\u00e9cada son zoon\u00f3ticas. Esta situaci\u00f3n est\u00e1 aumentando dr\u00e1sticamente como resultado de la destrucci\u00f3n del h\u00e1bitat y la transmisi\u00f3n de enfermedades por parte de animales explotados y encarcelados injustamente.<\/p><p>Se estima que las enfermedades zoon\u00f3ticas causaban 3 millones de muertes humanas al a\u00f1o, incluso antes de la pandemia de COVID-19. Esto incluye el virus de la inmunodeficiencia humana (VIH), el virus del \u00c9bola, el SARS, el MERS, la gripe porcina, la gripe aviar, la peste negra, la gripe espa\u00f1ola y muchas otras.<\/p><p>La COVID-19 se origin\u00f3 a partir de un animal injustamente encarcelado y en espera de ejecuci\u00f3n extrajudicial en un mercado de animales vivos. Los mercados vivos, o &#8220;mercados h\u00famedos&#8221;, ofrecen la venta y el sacrificio en sitio de una multitud de animales inocentes. Esto a menudo incluye animales salvajes en peligro de extinci\u00f3n o amenazados, y otros animales que nunca entran en contacto entre s\u00ed en la naturaleza.<\/p><p>Estos mercados existen en todo el mundo. Se cree que <span style=\"text-decoration: line-through;\">la<\/span> el COVID-19 se origin\u00f3 en uno de ellos en Wuhan, China. La evidencia cient\u00edfica indica que el virus se origin\u00f3 a partir de un coronavirus de murci\u00e9lago, que luego se transfiri\u00f3 a un hu\u00e9sped intermediario, ya sea un animal dom\u00e9stico o salvaje, y finalmente a un animal cautivo y explotado, utilizado como alimento por los humanos. El virus finalmente evolucion\u00f3 al SARS-CoV-2, el coronavirus responsable de la COVID-19, y se propag\u00f3 a los humanos.<\/p><p>El VIH\/SIDA, tambi\u00e9n de origen zoon\u00f3tico, ha infectado a m\u00e1s de 33 millones de personas en todo el mundo. M\u00e1s de 25 millones de personas han muerto. El VIH\/SIDA se origin\u00f3 cuando un virus de la inmunodeficiencia humana (VIS) establecido se transmiti\u00f3 de primates a humanos mediante la exposici\u00f3n a sangre u otras secreciones de primates infectados. Esto ocurri\u00f3 durante la caza y el sacrificio de animales salvajes inocentes. Seg\u00fan \u2018Future Medicine\u2019, las mordeduras y otras lesiones causadas por primates como mascotas pueden causar transmisi\u00f3n viral.<\/p><p>La enfermedad por el virus del \u00c9bola (EVE), tambi\u00e9n de origen zoon\u00f3tico, es una enfermedad mortal cuyos brotes se producen principalmente en el continente africano.<\/p><p>La gripe porcina (H1N1) se origina en instalaciones agr\u00edcolas y granjas industriales, con condiciones terribles. La gripe porcina H1N1 tiene una tasa de mortalidad del 60 % y podr\u00eda mutarse f\u00e1cilmente y volverse m\u00e1s letal. El H1N1 se origin\u00f3 en cerdos inocentes explotados en Estados Unidos, causando m\u00e1s de 200,000 infecciones y 18\u00a0000 muertes humanas, incluyendo 250 ni\u00f1os. \u00a1Los cerdos inocentes explotados sufrieron muchas m\u00e1s bajas!<\/p><p>Seg\u00fan la Organizaci\u00f3n Mundial de la Salud, los brotes de gripe aviar (H5N1) causan la muerte de cientos de personas y millones de pollos y otras aves. El H5N1 tiene una tasa de mortalidad humana estimada del 60 % y podr\u00eda mutarse f\u00e1cilmente y volverse m\u00e1s letal. \u00a1Las aves inocentes, explotadas y victimizadas sufrieron muchas m\u00e1s bajas!<\/p><p>La Cumbre de las Naciones Unidas sobre la Biodiversidad afirma que la aparici\u00f3n de enfermedades zoon\u00f3ticas mortales, como el VIH\/sida, el \u00e9bola, el SARS, el MERS, la gripe espa\u00f1ola, negra y aviar, la COVID-19 y otras, son resultado directo del desequilibrio humano con la naturaleza, espec\u00edficamente de la explotaci\u00f3n supremacista de otras especies por parte de los humanos.<\/p><p>La extinci\u00f3n de especies ocurre a un ritmo aproximadamente de mil veces superior a la <span style=\"text-decoration: line-through;\">al<\/span> natural y es un factor importante en las enfermedades zoon\u00f3ticas. Aproximadamente el 80 % de la superficie terrestre ya ha sido profundamente transformada por la actividad humana, principalmente debido a la expansi\u00f3n de la ganader\u00eda. A medida que crece la ganader\u00eda, requiere m\u00e1s recursos de tierra y agua, destruyendo los h\u00e1bitats de las especies existentes y provocando la extinci\u00f3n de individuos irremplazables y \u00fanicos.<\/p><p>La p\u00e9rdida de h\u00e1bitat se correlaciona positivamente con el aumento de pandemias zoon\u00f3ticas. Una alta biodiversidad reduce el riesgo de enfermedades zoon\u00f3ticas mediante el \u00abefecto de diluci\u00f3n\u00bb, lo que protege la salud humana al reducir el riesgo de enfermedades zoon\u00f3ticas. La extinci\u00f3n de especies debido a la destrucci\u00f3n del h\u00e1bitat aumenta la probabilidad y la mortalidad de la transmisi\u00f3n de enfermedades entre especies.<\/p><p>La Organizaci\u00f3n de las Naciones Unidas para la Alimentaci\u00f3n y la Agricultura (FAO) sostiene que los animales de granja son el eslab\u00f3n m\u00e1s d\u00e9bil de los sistemas alimentarios mundiales. Las granjas industriales son epicentros de enfermedades tanto para los humanos como para los miles de millones de animales que se encuentran all\u00ed encarcelados involuntariamente. Se estima que el 99 % de los diez mil millones de animales terrestres que se sacrifican para la alimentaci\u00f3n cada a\u00f1o son encarcelados en granjas industriales y asesinados con impunidad. Estas condiciones los hacen susceptibles a los pat\u00f3genos, que luego se transmiten a sus abusadores humanos (poblaci\u00f3n puente) y a la poblaci\u00f3n humana en general a trav\u00e9s de pandemias zoon\u00f3ticas.<\/p><p>La relaci\u00f3n actual entre humanos y animales es injusta e insostenible. Esta relaci\u00f3n problem\u00e1tica con los animales mantiene a la humanidad en riesgo de brotes zoon\u00f3ticos, consecuencia directa de la explotaci\u00f3n de los animales y del entorno que comparten con ellos.<\/p>\t\t\t\t\t\t\t\t<\/div>\n\t\t\t\t<\/div>\n\t\t\t\t<\/div>\n\t\t\t\t\t<\/div>\n\t\t\t\t<\/div>\n\t\t\t\t<\/div>\n\t\t","protected":false},"excerpt":{"rendered":"<p>Enfermedades Zoon\u00f3ticas Las enfermedades zoon\u00f3ticas, causa de epidemias y pandemias, se transmiten a los humanos a trav\u00e9s de animales injustamente encarcelados y explotados. Las pandemias m\u00e1s mort\u00edferas de la historia son zoon\u00f3ticas. El especismo es la causa subyacente de las enfermedades zoon\u00f3ticas. Consiste en el abuso y la explotaci\u00f3n de otras especies para beneficio de [&hellip;]<\/p>\n","protected":false},"author":1,"featured_media":0,"parent":0,"menu_order":0,"comment_status":"closed","ping_status":"closed","template":"elementor_header_footer","meta":{"footnotes":""},"class_list":["post-20","page","type-page","status-publish","hentry"],"_links":{"self":[{"href":"https:\/\/veganinternational.org\/spanish\/wp-json\/wp\/v2\/pages\/20","targetHints":{"allow":["GET"]}}],"collection":[{"href":"https:\/\/veganinternational.org\/spanish\/wp-json\/wp\/v2\/pages"}],"about":[{"href":"https:\/\/veganinternational.org\/spanish\/wp-json\/wp\/v2\/types\/page"}],"author":[{"embeddable":true,"href":"https:\/\/veganinternational.org\/spanish\/wp-json\/wp\/v2\/users\/1"}],"replies":[{"embeddable":true,"href":"https:\/\/veganinternational.org\/spanish\/wp-json\/wp\/v2\/comments?post=20"}],"version-history":[{"count":44,"href":"https:\/\/veganinternational.org\/spanish\/wp-json\/wp\/v2\/pages\/20\/revisions"}],"predecessor-version":[{"id":1072,"href":"https:\/\/veganinternational.org\/spanish\/wp-json\/wp\/v2\/pages\/20\/revisions\/1072"}],"wp:attachment":[{"href":"https:\/\/veganinternational.org\/spanish\/wp-json\/wp\/v2\/media?parent=20"}],"curies":[{"name":"wp","href":"https:\/\/api.w.org\/{rel}","templated":true}]}}