{"id":22,"date":"2025-04-24T19:19:41","date_gmt":"2025-04-24T19:19:41","guid":{"rendered":"https:\/\/veganinternational.org\/spanish\/?page_id=22"},"modified":"2025-07-09T19:04:18","modified_gmt":"2025-07-09T19:04:18","slug":"politica-alimentaria","status":"publish","type":"page","link":"https:\/\/veganinternational.org\/spanish\/politica-alimentaria\/","title":{"rendered":"Pol\u00edtica alimentaria"},"content":{"rendered":"\t\t<div data-elementor-type=\"wp-page\" data-elementor-id=\"22\" class=\"elementor elementor-22\" data-elementor-post-type=\"page\">\n\t\t\t\t<div class=\"elementor-element elementor-element-854b423 e-flex e-con-boxed e-con e-parent\" data-id=\"854b423\" data-element_type=\"container\" data-e-type=\"container\" data-settings=\"{&quot;background_background&quot;:&quot;classic&quot;}\">\n\t\t\t\t\t<div class=\"e-con-inner\">\n\t\t\t\t\t<\/div>\n\t\t\t\t<\/div>\n\t\t<div class=\"elementor-element elementor-element-5974de8 e-flex e-con-boxed e-con e-parent\" data-id=\"5974de8\" data-element_type=\"container\" data-e-type=\"container\">\n\t\t\t\t\t<div class=\"e-con-inner\">\n\t\t<div class=\"elementor-element elementor-element-fd0ae04 e-con-full e-flex e-con e-child\" data-id=\"fd0ae04\" data-element_type=\"container\" data-e-type=\"container\">\n\t\t\t\t<div class=\"elementor-element elementor-element-40d8856 elementor-widget elementor-widget-heading\" data-id=\"40d8856\" data-element_type=\"widget\" data-e-type=\"widget\" data-widget_type=\"heading.default\">\n\t\t\t\t<div class=\"elementor-widget-container\">\n\t\t\t\t\t<h2 class=\"elementor-heading-title elementor-size-default\">Pol\u00edtica de la Alimentaci\u00f3n<\/h2>\t\t\t\t<\/div>\n\t\t\t\t<\/div>\n\t\t\t\t<div class=\"elementor-element elementor-element-a734083 elementor-widget elementor-widget-text-editor\" data-id=\"a734083\" data-element_type=\"widget\" data-e-type=\"widget\" data-widget_type=\"text-editor.default\">\n\t\t\t\t<div class=\"elementor-widget-container\">\n\t\t\t\t\t\t\t\t\t<p>\u201cLa Tierra tiene suficiente para satisfacer las necesidades de todos, pero no para satisfacer la avaricia de todos.\u201d Mahatma Mohandus K. Ghandi<\/p><p>La hambruna de los vulnerables est\u00e1 vinculada a la dieta de los ricos. De los casi 7 mil millones de seres humanos del planeta Tierra, aproximadamente mil millones sufren desnutrici\u00f3n y 6 millones de ni\u00f1os mueren de hambre anualmente como resultado de la dieta basada en carne y l\u00e1cteos de los ricos.<\/p><p>Los subsidios pol\u00edticos se han vinculado al hambre y la inanici\u00f3n en los pa\u00edses en desarrollo, y deber\u00edan eliminarse. Estos subsidios se originan en la codicia, el enga\u00f1o y la explotaci\u00f3n de la industria ganadera, que realiza contribuciones financieras a pol\u00edticos a cambio de subsidios pol\u00edticos que abaratan m\u00e1s sus productos para los consumidores de lo que ser\u00eda posible en un mercado libre.<\/p><p>Las personas en los pa\u00edses en desarrollo se ven obligadas a exportar sus granos a precios artificialmente bajos, inducidos \u200b\u200bpor subsidios pol\u00edticos, mientras que ellas y sus hijos padecen hambre, pobreza e inanici\u00f3n. El grano utilizado para alimentar a personas desafortunadas y sensibles, criadas para alimentar a los ricos, podr\u00eda utilizarse para alimentar a personas hambrientas y necesitadas en los pa\u00edses en desarrollo.<\/p><p>Seg\u00fan las proyecciones econ\u00f3micas de la Universidad de Oxford, \u00abLa eliminaci\u00f3n de la carne y las secreciones animales que dependen de los subsidios del sistema alimentario mundial podr\u00eda ahorrar m\u00e1s de un bill\u00f3n de d\u00f3lares en costos ambientales. Los exorbitantes costos de atenci\u00f3n m\u00e9dica relacionados con las enfermedades no transmisibles (ENT) causadas por una dieta basada en carne y l\u00e1cteos se reducir\u00edan o eliminar\u00edan cuando se permitiera que las dietas alternativas basadas en plantas compitieran en un mercado libre\u00bb.<\/p><p>Los gobiernos deber\u00edan, en cambio, apoyar la agricultura sostenible: pr\u00e1cticas agr\u00edcolas veganas, org\u00e1nicas y naturales sin ganado. Se deber\u00edan utilizar incentivos financieros para impartir formaci\u00f3n en agricultura vegana, org\u00e1nica y natural sin ganado, en lugar de subvencionar a los ganaderos. La participaci\u00f3n pol\u00edtica y la reorientaci\u00f3n de los subsidios pueden desviar el \u00e9nfasis de la producci\u00f3n alimentaria de la ganader\u00eda industrial, insalubre y propensa a pandemias, hacia granjas de plantas naturales a peque\u00f1a escala, propiedad de y gestionadas por las personas anteriormente marginadas por la ganader\u00eda destructiva.<\/p><p>Los subsidios a la industria alimentaria tienen efectos negativos en la salud humana, como zoonosis, epidemias y pandemias, enfermedades no transmisibles (ENT) como cardiopat\u00edas, diabetes, obesidad, algunos tipos de c\u00e1ncer y algunas depresiones en pa\u00edses desarrollados, y causan pobreza, hambre e inanici\u00f3n en ni\u00f1os y adultos en pa\u00edses en desarrollo.<\/p><p>Los subsidios mantienen los precios artificialmente bajos de una dieta insostenible basada en carne y l\u00e1cteos, lo que provoca efectos negativos en el planeta, como el cambio clim\u00e1tico, la contaminaci\u00f3n del aire, la tierra y el agua, la extinci\u00f3n de especies, la destrucci\u00f3n del h\u00e1bitat, la deforestaci\u00f3n, la desertificaci\u00f3n, la degradaci\u00f3n de las tierras y el inmenso sufrimiento de otros seres vivos del planeta.<\/p><p>Lo m\u00e1s importante es eliminar los subsidios a individuos inocentes y sensibles de otras especies que son explotados como alimento, eliminar\u00eda su sufrimiento injusto y redirigir\u00eda la trayectoria insostenible de la Tierra.<\/p>\t\t\t\t\t\t\t\t<\/div>\n\t\t\t\t<\/div>\n\t\t\t\t<\/div>\n\t\t\t\t\t<\/div>\n\t\t\t\t<\/div>\n\t\t\t\t<\/div>\n\t\t","protected":false},"excerpt":{"rendered":"<p>Pol\u00edtica de la Alimentaci\u00f3n \u201cLa Tierra tiene suficiente para satisfacer las necesidades de todos, pero no para satisfacer la avaricia de todos.\u201d Mahatma Mohandus K. Ghandi La hambruna de los vulnerables est\u00e1 vinculada a la dieta de los ricos. De los casi 7 mil millones de seres humanos del planeta Tierra, aproximadamente mil millones sufren [&hellip;]<\/p>\n","protected":false},"author":1,"featured_media":0,"parent":0,"menu_order":0,"comment_status":"closed","ping_status":"closed","template":"elementor_header_footer","meta":{"footnotes":""},"class_list":["post-22","page","type-page","status-publish","hentry"],"_links":{"self":[{"href":"https:\/\/veganinternational.org\/spanish\/wp-json\/wp\/v2\/pages\/22","targetHints":{"allow":["GET"]}}],"collection":[{"href":"https:\/\/veganinternational.org\/spanish\/wp-json\/wp\/v2\/pages"}],"about":[{"href":"https:\/\/veganinternational.org\/spanish\/wp-json\/wp\/v2\/types\/page"}],"author":[{"embeddable":true,"href":"https:\/\/veganinternational.org\/spanish\/wp-json\/wp\/v2\/users\/1"}],"replies":[{"embeddable":true,"href":"https:\/\/veganinternational.org\/spanish\/wp-json\/wp\/v2\/comments?post=22"}],"version-history":[{"count":35,"href":"https:\/\/veganinternational.org\/spanish\/wp-json\/wp\/v2\/pages\/22\/revisions"}],"predecessor-version":[{"id":1075,"href":"https:\/\/veganinternational.org\/spanish\/wp-json\/wp\/v2\/pages\/22\/revisions\/1075"}],"wp:attachment":[{"href":"https:\/\/veganinternational.org\/spanish\/wp-json\/wp\/v2\/media?parent=22"}],"curies":[{"name":"wp","href":"https:\/\/api.w.org\/{rel}","templated":true}]}}